y h?
5
Suppose n = -3*d + 11, 3*d + 7 = 4*n - 7. Let m be (-2 - 2/d) + -24. Calculate the remainder when (-3 - m/2)*2 is divided by 8.
5
Suppose -2*m - m + 32 = -2*v, -m = 5*v - 22. Calculate the remainder when 22 is divided by m.
10
Let s(m) = 5 + 6*m + 2*m**2 - 3 - 1. Calculate the remainder when s(-5) is divided by 8.
5
Suppose -7*o + 38 = -53. Let m(s) = 0 + 26*s**3 + 0 - s. What is the remainder when m(1) is divided by o?
12
Let d(m) = -m - 10. Let v be d(-14). Calculate the remainder when 48 is divided by v/(-26) - (-3924)/156.
23
Let f(t) = t**3 - 5*t**2 - t - 4. Let j be f(5). Let x be ((-12)/j)/((-2)/3). What is the remainder when 9 is divided by ((-8)/(-3) + x)*6?
1
What is the remainder when 82 is divided by 14/(-3)*(9 - 15)?
26
Suppose -154*p + 158*p = 16. Suppose -s + 0*s + 4*f - 20 = 0, s + f - 5 = 0. Calculate the remainder when 20 + p + (s - -1) is divided by 9.
7
Suppose 0 = -4*q + q + 12. Suppose -k = 5*d - 46, -4*d - q*k + 41 = k. What is the remainder when d is divided by 5?
4
Let n(d) = -10*d - 1. Suppose 4*x + x = 10. What is the remainder when (-1)/x + 226/4 is divided by n(-2)?
18
Let h(i) = i**3 + 4*i**2 - i. Suppose 7*s - 8 - 41 = 0. Calculate the remainder when h(-3) is divided by s.
5
Let l(u) = u + 7*u - 2 - 4*u. Let k be 6/(-27) + (-29)/(-9). What is the remainder when 28 is divided by l(k)?
8
Let u be (-161)/2 - 1/2. Calculate the remainder when 9/(-6) - u/2 is divided by 20.
19
Suppose 2*c - 92 = 2*s, -2*s + 5*c = -s + 46. Let l = s - -99. Calculate the remainder when l is divided by 28.
25
Suppose 0 = -5*p - 2*d - 76 - 27, 4*d + 54 = -2*p. Let l = -1 - p. What is the remainder when 69 is divided by l?
15
Let b = 310 - 210. Suppose -4*f + b = 8. Suppose -4*s = 5*d - 7, 4*s = 3*d - d + 42. What is the remainder when f is divided by s?
7
Let t be ((-19)/4)/((-4)/64). Suppose -5*i + 2*d = -86, 3*d = 4*i - d - t. What is the remainder when 63 is divided by i?
15
Let s = 43 - -4. What is the remainder when 138 is divided by s?
44
Let d be ((-64)/24)/(2/(-3)). Suppose 0 = -d*i + 8 - 28, -4*p - 5*i + 3 = 0. Let h(a) = a**2 - 2*a + 5. What is the remainder when h(4) is divided by p?
6
What is the remainder when 102 is divided by (70/(-8))/((-5)/20)?
32
Suppose v = 4*v + 63. What is the remainder when 6/v + (-2110)/(-35) is divided by 21?
18
Suppose 3*o + 7 = q + 60, 2*o + 4*q = 26. Suppose 53 = 5*u - 67. Suppose 48 = 5*j + y, -3*y + u = 2*j - y. What is the remainder when o is divided by j?
8
Suppose 5*o + 812 - 2442 = 0. Calculate the remainder when 1/4 - o/(-8) is divided by ((-42)/(-4))/((-3)/(-4)).
13
Let n = 90 + -67. Calculate the remainder when 44 is divided by n.
21
Let h = 342 + -489. What is the remainder when (h/(-28))/((-1)/(-8)) is divided by 9?
6
What is the remainder when (-82)/8*(-28)/7 is divided by 11?
8
Suppose -4 = -2*z + k - 1, 4*z = -4*k + 36. Suppose -f = z*f - 45. Suppose 2*b = -3 + f, s + 11 = 5*b. Calculate the remainder when 7 is divided by s.
3
Suppose -2*u + 4*u - 19 = -3*g, 2*u = 4*g - 30. Suppose r - 5*n - 4 = -3*n, -r - n = -g. What is the remainder when r is divided by 3?
0
Suppose -5*b = -16 - 14. What is the remainder when 21 is divided by b?
3
Suppose 0 = -2*o + r + 5, 0 = 4*r - 5*r + 3. Suppose -5 = -2*c + w, o + 5 = 3*w. Suppose 6*l - 2*l = 12. Calculate the remainder when c is divided by l.
1
Suppose 0 = -s + 3*s - 20. Calculate the remainder when 28 is divided by s.
8
Let y(c) = c**2 + 2*c + 3. Suppose 5*d = -i - 9, -d - 1 = -3*i - 2*d. Let q be i*(2 + -4) + -2. Calculate the remainder when 20 is divided by y(q).
9
Suppose -2*r + 18 = 3*y - 2*y, -5*y - 5*r + 95 = 0. Calculate the remainder when y is divided by 7.
6
Let a = 105 - 50. Let q be (-96)/(-54) + (-4)/(-18). Suppose q*o - 5*o + 53 = t, 2*o - 26 = -3*t. Calculate the remainder when a is divided by o.
17
Suppose 6*s - 8*s + 172 = 0. Calculate the remainder when s is divided by 30.
26
Suppose -36 - 39 = -5*s. What is the remainder when 57 is divided by s?
12
Suppose -4*p - 46 = 142. What is the remainder when (-1)/(-2) - p/2 is divided by 13?
11
Suppose -m + 2*b = 6*b - 19, -4*m - 5*b + 54 = 0. Suppose -3*v = v. Suppose 4*c = k + 18, v = -c - k + 4 - 2. What is the remainder when m is divided by c?
3
Suppose j = -0 + 4, 3*q = -2*j + 17. Suppose 5*u = -5*x + 2*x + 127, q*u + 2*x - 77 = 0. Calculate the remainder when 43 is divided by u.
20
Suppose 13 = -5*f + 58. What is the remainder when 16 is divided by f?
7
Let j be (-1)/(4 + -3)*-4. Suppose -5*n = -4*d + 73, -6 = j*n - 2. What is the remainder when 50 is divided by d?
16
Let n = -9 - -4. Let w be (-166)/n + (-1)/5. Suppose 0 = -5*y - 3*z + 69, y - 3*y - 3*z + w = 0. Calculate the remainder when 22 is divided by y.
10
Let v = -40 - -69. What is the remainder when v is divided by (-4)/6 + 94/6?
14
Let j = -1 - -24. What is the remainder when 67 is divided by j?
21
Let z(g) = -4*g + 1. Let l be (-2)/8 + (-6)/8. Let r be z(l). Let w = r - -10. What is the remainder when 29 is divided by w?
14
Let u(n) = n + 16. Suppose -2*v = 5*s + 2 - 22, 0 = 5*v + 4*s - 33. Suppose 0 = -3*d + v + 13. What is the remainder when d is divided by u(-12)?
2
Let j(d) = -d - 4. Let b be j(-8). Suppose 5*s - b = 16. Suppose -o - 2*k = -6 - 0, s*k = o - 36. Calculate the remainder when o is divided by 9.
7
Let m(b) = -b**3 - 10*b**2 - b + 9. Let l(z) = -11*z - 1. Calculate the remainder when m(-10) is divided by l(-1).
9
Suppose -4*o - 4*s = 20, o + 5*s = 5*o - 25. Suppose 2*c = -3*g + 106 + 37, 4*g + 2*c - 190 = o. What is the remainder when g is divided by 16?
15
Let f = -7 + 10. What is the remainder when 81 is divided by ((-42)/5)/(f/(-10))?
25
Suppose -39 = -2*o - 5*q, 0 = 3*o - 4*q - 15 - 9. What is the remainder when o is divided by (41 - 2)/3 - 6?
5
Let h(i) = -i**3 - 5*i**2 + 3*i + 6. Calculate the remainder when 70 is divided by h(-6).
22
Let c = -499 + 551. Let p(s) = s**3 + 6*s**2 - 5*s - 3. What is the remainder when c is divided by p(-6)?
25
Let j(m) = m**3 + 8*m**2 + 2*m + 3. Let u be j(-8). Let b = 21 + u. Suppose -4*x = -36 - 48. What is the remainder when x is divided by b?
5
Let j(w) = -w**3 - 7*w**2 - w - 4. Let d be j(-7). Suppose -4*q + d*c + 91 = 0, -c = -0 + 5. What is the remainder when q is divided by (-2)/(8/84*-3)?
5
Let d be (2/(-3))/(7/(-21)). Let s(k) = -2*k + 3*k**2 + 2 + 0 - k**d. What is the remainder when s(4) is divided by 14?
12
Let w be (100/8)/(-5)*-12. Suppose 2*o = 4*o - w. What is the remainder when 43 is divided by o?
13
Let l = 21 + 8. Let d = l + -14. What is the remainder when (-1)/5 - 282/(-10) is divided by d?
13
Suppose 5*h = 4*o - 34, -o = -h - 10 + 3. Let a(d) = d + 9. Calculate the remainder when (-6)/((-3)/3) + -2 is divided by a(h).
1
Let j(c) = c**3 + 5*c**2 - 2*c + 1. Let v(i) = -4*i**3 - i**2. Let q be v(1). Calculate the remainder when 31 is divided by j(q).
9
Let z(i) = -i**2 + 16*i - 9. Calculate the remainder when z(12) is divided by 10.
9
Let o = -129 + -606. Let r be 4/(-5)*o/6. Suppose 2*s - r = 4*j, 4*s - 4*j = -0*s + 180. What is the remainder when s is divided by 14?
13
What is the remainder when 29 is divided by 3 - 1/(-2)*4?
4
Suppose -4*u = f + 9, f = -u - 2*f - 16. Let r(b) = b. Let x(p) = 5*p - 2. Let o(t) = u*x(t) - 6*r(t). Calculate the remainder when o(-4) is divided by 16.
14
What is the remainder when 78 is divided by (-32)/(-12)*(-30)/(-4)?
18
Suppose b + 4*b - 35 = 0. Calculate the remainder when 12 is divided by b.
5
Let v = 71 + -46. What is the remainder when v is divided by (-2)/(-4)*1*26?
12
Suppose -w - 24 = -5*w. What is the remainder when 10 is divided by w?
4
Suppose 2*q - 57 = -q. Suppose -2*g - 13 = -5*k, 2*k + q - 59 = -5*g. What is the remainder when 15 is divided by g?
3
Let i = 64 + -45. Let f = 48 - i. Suppose -5*g - 1 = 2*a - 140, g = -a + f. Calculate the remainder when g is divided by 14.
13
Let a = -26 + 120. Let q = 39 + -15. Calculate the remainder when a is divided by q.
22
Let a = 82 - 75. Calculate the remainder when 27 is divided by a.
6
Let y(u) = 5 - 3*u - 3 - 5. Let i(z) = -z**3 - 6*z**2 - 7*z - 5. What is the remainder when y(-5) is divided by i(-5)?
2
Let i = 10 + -5. Suppose -2*c = -c - 6. Calculate the remainder when i is divided by (-4)/c + 8/3.
1
Let y = -8 + 37. Suppose 6*n - 3*n 